{"id":293,"date":"2019-04-13T20:56:03","date_gmt":"2019-04-13T19:56:03","guid":{"rendered":"http:\/\/192.168.178.104\/?page_id=293"},"modified":"2019-05-21T18:50:24","modified_gmt":"2019-05-21T18:50:24","slug":"verschiedene-energetische-methoden-zur-stressreduzierung","status":"publish","type":"page","link":"https:\/\/flamm-schindler.de\/?page_id=293","title":{"rendered":"Verschiedene energetische Methoden zur Stressreduzierung"},"content":{"rendered":"\n<div class=\"wp-block-image\"><figure class=\"aligncenter\"><img loading=\"lazy\" decoding=\"async\" width=\"849\" height=\"566\" src=\"https:\/\/flamm-schindler.de\/wp-content\/uploads\/2019\/05\/Fotolia_241768941_S.jpg\" alt=\"\" class=\"wp-image-402\" srcset=\"https:\/\/flamm-schindler.de\/wp-content\/uploads\/2019\/05\/Fotolia_241768941_S.jpg 849w, https:\/\/flamm-schindler.de\/wp-content\/uploads\/2019\/05\/Fotolia_241768941_S-300x200.jpg 300w, https:\/\/flamm-schindler.de\/wp-content\/uploads\/2019\/05\/Fotolia_241768941_S-768x512.jpg 768w\" sizes=\"auto, (max-width: 767px) 89vw, (max-width: 1000px) 54vw, (max-width: 1071px) 543px, 580px\" \/><\/figure><\/div>\n\n\n\n<ul class=\"wp-block-list\"><li>Energiearbeit f\u00fcr emotionale Harmonie und energetische Balance<\/li><li>Energiefluss von K\u00f6rper, Geist und Seele in Einklang bringen<\/li><li>Sorgsam ausgleichende Energiearbeit mit Chakren und Meridianen durch Farben, Kl\u00e4nge, D\u00fcfte, Steine und Energiebilder<\/li><li>Energetisches R\u00e4uchern<\/li><li>Gef\u00fchrte Farbmeditationen<\/li><li>Positive Einfl\u00fcsse der Farben auf unser t\u00e4gliches Wohlbefinden<\/li><\/ul>\n\n\n\n<div class=\"wp-block-image\"><figure class=\"aligncenter\"><img loading=\"lazy\" decoding=\"async\" width=\"800\" height=\"600\" src=\"https:\/\/flamm-schindler.de\/wp-content\/uploads\/2019\/05\/Fotolia_134936935_S.jpg\" alt=\"\" class=\"wp-image-401\" srcset=\"https:\/\/flamm-schindler.de\/wp-content\/uploads\/2019\/05\/Fotolia_134936935_S.jpg 800w, https:\/\/flamm-schindler.de\/wp-content\/uploads\/2019\/05\/Fotolia_134936935_S-300x225.jpg 300w, https:\/\/flamm-schindler.de\/wp-content\/uploads\/2019\/05\/Fotolia_134936935_S-768x576.jpg 768w\" sizes=\"auto, (max-width: 767px) 89vw, (max-width: 1000px) 54vw, (max-width: 1071px) 543px, 580px\" \/><\/figure><\/div>\n","protected":false},"excerpt":{"rendered":"<p>Energiearbeit f\u00fcr emotionale Harmonie und energetische Balance Energiefluss von K\u00f6rper, Geist und Seele in Einklang bringen Sorgsam ausgleichende Energiearbeit mit Chakren und Meridianen durch Farben, Kl\u00e4nge, D\u00fcfte, Steine und Energiebilder Energetisches R\u00e4uchern Gef\u00fchrte Farbmeditationen Positive Einfl\u00fcsse der Farben auf unser t\u00e4gliches Wohlbefinden<\/p>\n","protected":false},"author":1,"featured_media":0,"parent":0,"menu_order":0,"comment_status":"closed","ping_status":"closed","template":"","meta":{"footnotes":""},"class_list":["post-293","page","type-page","status-publish","hentry"],"_links":{"self":[{"href":"https:\/\/flamm-schindler.de\/index.php?rest_route=\/wp\/v2\/pages\/293","targetHints":{"allow":["GET"]}}],"collection":[{"href":"https:\/\/flamm-schindler.de\/index.php?rest_route=\/wp\/v2\/pages"}],"about":[{"href":"https:\/\/flamm-schindler.de\/index.php?rest_route=\/wp\/v2\/types\/page"}],"author":[{"embeddable":true,"href":"https:\/\/flamm-schindler.de\/index.php?rest_route=\/wp\/v2\/users\/1"}],"replies":[{"embeddable":true,"href":"https:\/\/flamm-schindler.de\/index.php?rest_route=%2Fwp%2Fv2%2Fcomments&post=293"}],"version-history":[{"count":12,"href":"https:\/\/flamm-schindler.de\/index.php?rest_route=\/wp\/v2\/pages\/293\/revisions"}],"predecessor-version":[{"id":433,"href":"https:\/\/flamm-schindler.de\/index.php?rest_route=\/wp\/v2\/pages\/293\/revisions\/433"}],"wp:attachment":[{"href":"https:\/\/flamm-schindler.de\/index.php?rest_route=%2Fwp%2Fv2%2Fmedia&parent=293"}],"curies":[{"name":"wp","href":"https:\/\/api.w.org\/{rel}","templated":true}]}}