{"id":40,"date":"2018-04-09T20:05:02","date_gmt":"2018-04-09T19:05:02","guid":{"rendered":"http:\/\/192.168.178.104\/?page_id=40"},"modified":"2019-05-21T18:36:48","modified_gmt":"2019-05-21T18:36:48","slug":"klangschalen","status":"publish","type":"page","link":"https:\/\/flamm-schindler.de\/?page_id=40","title":{"rendered":"Klangschalenmassage"},"content":{"rendered":"<p>In vielen alten Kulturen ist die harmonisierende Wirkung von Klang, Schall und Vibration bekannt.\u00a0Klangschalen werden traditionell in kleinen Schmieden und Werkst\u00e4tten hergestellt, haupts\u00e4chlich in Tibet, Nepal, Indien, aber auch in Japan, China, Thailand und Bali.<\/p>\n<p style=\"text-align: left;\">Schon immer wurden Kl\u00e4nge zur\u00a0Wiederherstellung oder Erhaltung des Wohlbefindens und des inneren Gleichgewichtes eingesetzt. Die unterschiedlichen Vibrationen und Kl\u00e4nge, die beim Anschlagen der verschiedenen Klangschalen erzeugt werden, treten mit unserem K\u00f6rper in Resonanz.<\/p>\n\n\n<div class=\"wp-block-image\"><figure class=\"aligncenter is-resized\"><img loading=\"lazy\" decoding=\"async\" src=\"https:\/\/flamm-schindler.de\/wp-content\/uploads\/2019\/05\/Fotolia_120498961_S.jpg\" alt=\"\" class=\"wp-image-399\" width=\"446\" height=\"297\" srcset=\"https:\/\/flamm-schindler.de\/wp-content\/uploads\/2019\/05\/Fotolia_120498961_S.jpg 849w, https:\/\/flamm-schindler.de\/wp-content\/uploads\/2019\/05\/Fotolia_120498961_S-300x200.jpg 300w, https:\/\/flamm-schindler.de\/wp-content\/uploads\/2019\/05\/Fotolia_120498961_S-768x512.jpg 768w\" sizes=\"auto, (max-width: 446px) 100vw, 446px\" \/><\/figure><\/div>\n\n\n\n<p>Der menschliche K\u00f6rper besteht zu etwa 70% aus Wasser und leitet deswegen die Schallwellen sehr gut weiter. Durch das Anschlagen der Klangschalen werden durch die entstehenden Kl\u00e4nge Schwingungen erzeugt.<\/p>\n\n\n\n<p>Durch den hohen Wassergehalt in unserem K\u00f6rper k\u00f6nnen sich die entstandenen Klangwellen und Schwingungen ganz wunderbar in uns ausbreiten und wirken. &#8222;Verstimmungen&#8220; und Blockaden k\u00f6nnen auf diese Art und Weise sanft gelockert und gel\u00f6st werden.<\/p>\n\n\n\n<p>Die angeschlagenen Klangschalen erzeugen sanfte Vibrationen, die unsere K\u00f6rperfl\u00fcssigkeiten in Bewegung bringen, den ganzen K\u00f6rper durchdringen und jede Zelle erreichen.&nbsp;Blockierte K\u00f6rperstellen werden so angeregt, mit der Schwingung des Klangs mitzuschwingen um dann anschlie\u00dfend zur eigenen Schwingungsfrequenz zur\u00fcck zu finden.<\/p>\n\n\n\n<div class=\"wp-block-image\"><figure class=\"aligncenter is-resized\"><img loading=\"lazy\" decoding=\"async\" src=\"https:\/\/flamm-schindler.de\/wp-content\/uploads\/2019\/05\/Fotolia_11447488_S.jpg\" alt=\"\" class=\"wp-image-404\" width=\"477\" height=\"318\" srcset=\"https:\/\/flamm-schindler.de\/wp-content\/uploads\/2019\/05\/Fotolia_11447488_S.jpg 849w, https:\/\/flamm-schindler.de\/wp-content\/uploads\/2019\/05\/Fotolia_11447488_S-300x200.jpg 300w, https:\/\/flamm-schindler.de\/wp-content\/uploads\/2019\/05\/Fotolia_11447488_S-768x512.jpg 768w\" sizes=\"auto, (max-width: 477px) 100vw, 477px\" \/><\/figure><\/div>\n\n\n\n<p>Das Gewebe, die B\u00e4nder, Sehnen und Muskeln werden durch die verschiedenen Vibrationen sanft massiert, stimuliert und gelockert. Man kann loslassen, sich einfach den Kl\u00e4ngen hingeben und genie\u00dfen.<\/p>\n\n\n\n<p>Durch die Klangschalenmassage ist es m\u00f6glich, sehr rasch in einen tiefen Entspannungszustand zu gelangen. Die unterschiedlichen Kl\u00e4nge und Vibrationen k\u00f6nnen helfen wieder zur Ruhe zu kommen, seine Mitte wieder zu finden. Der Mensch ist wieder <strong>im Einklang<\/strong> mit sich selbst.<\/p>\n\n\n\n<p>Die Klangschalenmassage wird auf der Massageliege auf dem bekleideten K\u00f6rper durchgef\u00fchrt. Die verschiedenen Klangschalen werden dabei auf Ihrem K\u00f6rper positioniert und im harmonischen Rhythmus angeschlagen. Danach d\u00fcrfen Sie noch einige Minuten nachruhen und die Entspannung genie\u00dfen.<\/p>\n\n\n\n<div class=\"wp-block-image\"><figure class=\"aligncenter is-resized\"><img loading=\"lazy\" decoding=\"async\" src=\"https:\/\/flamm-schindler.de\/wp-content\/uploads\/2019\/05\/Fotolia_25282404_S.jpg\" alt=\"\" class=\"wp-image-409\" width=\"500\" height=\"333\" srcset=\"https:\/\/flamm-schindler.de\/wp-content\/uploads\/2019\/05\/Fotolia_25282404_S.jpg 849w, https:\/\/flamm-schindler.de\/wp-content\/uploads\/2019\/05\/Fotolia_25282404_S-300x200.jpg 300w, https:\/\/flamm-schindler.de\/wp-content\/uploads\/2019\/05\/Fotolia_25282404_S-768x512.jpg 768w\" sizes=\"auto, (max-width: 500px) 100vw, 500px\" \/><\/figure><\/div>\n","protected":false},"excerpt":{"rendered":"<p>In vielen alten Kulturen ist die harmonisierende Wirkung von Klang, Schall und Vibration bekannt.\u00a0Klangschalen werden traditionell in kleinen Schmieden und Werkst\u00e4tten hergestellt, haupts\u00e4chlich in Tibet, Nepal, Indien, aber auch in Japan, China, Thailand und Bali. Schon immer wurden Kl\u00e4nge zur\u00a0Wiederherstellung oder Erhaltung des Wohlbefindens und des inneren Gleichgewichtes eingesetzt. Die unterschiedlichen Vibrationen und Kl\u00e4nge, die &hellip; <\/p>\n<p class=\"link-more\"><a href=\"https:\/\/flamm-schindler.de\/?page_id=40\" class=\"more-link\"><span class=\"screen-reader-text\">\u201eKlangschalenmassage\u201c <\/span>weiterlesen<\/a><\/p>\n","protected":false},"author":1,"featured_media":0,"parent":0,"menu_order":0,"comment_status":"closed","ping_status":"closed","template":"","meta":{"footnotes":""},"class_list":["post-40","page","type-page","status-publish","hentry"],"_links":{"self":[{"href":"https:\/\/flamm-schindler.de\/index.php?rest_route=\/wp\/v2\/pages\/40","targetHints":{"allow":["GET"]}}],"collection":[{"href":"https:\/\/flamm-schindler.de\/index.php?rest_route=\/wp\/v2\/pages"}],"about":[{"href":"https:\/\/flamm-schindler.de\/index.php?rest_route=\/wp\/v2\/types\/page"}],"author":[{"embeddable":true,"href":"https:\/\/flamm-schindler.de\/index.php?rest_route=\/wp\/v2\/users\/1"}],"replies":[{"embeddable":true,"href":"https:\/\/flamm-schindler.de\/index.php?rest_route=%2Fwp%2Fv2%2Fcomments&post=40"}],"version-history":[{"count":5,"href":"https:\/\/flamm-schindler.de\/index.php?rest_route=\/wp\/v2\/pages\/40\/revisions"}],"predecessor-version":[{"id":430,"href":"https:\/\/flamm-schindler.de\/index.php?rest_route=\/wp\/v2\/pages\/40\/revisions\/430"}],"wp:attachment":[{"href":"https:\/\/flamm-schindler.de\/index.php?rest_route=%2Fwp%2Fv2%2Fmedia&parent=40"}],"curies":[{"name":"wp","href":"https:\/\/api.w.org\/{rel}","templated":true}]}}